8
(-39 - 0) + (-2 - -21 - 33) + (8 - -3)
-42
Evaluate (142 - 140) + (-22 - 39).
-59
What is -106 + (181 - 74) + 1 + 21?
23
What is the value of (-25 - (5 + -78) - 13) + -2 + 1?
34
Calculate 1 + 59 - (-22624 - -22754).
-70
Evaluate (1 - -8) + -42 + 0 + (-104 - -82).
-55
1 + -60 - (40 + -113 - (9 - 96))
-73
What is the value of (-8 - -1) + 3102 + -3117?
-22
Evaluate (10 + 3 - (-5 - -24)) + 40 + 1.
35
Evaluate 55 - (-69 - (-109 + 58) - (-1 + -1 + -2)).
69
Calculate (-1 - -37) + -11 + (965 - 953 - (0 + 10)).
27
Evaluate 0 + 45 - (-14 + -10 + 7 + 9).
53
What is the value of -68 + 70 - ((-4 - -5) + (-4 - -13))?
-8
What is (-2 + 1 + 7 - (3 + -5)) + 27?
35
-52 + 130 + 9 - 51
36
Evaluate (14 + -118 - 21 - (1 - 8)) + 8 + 5.
-105
What is -4 + 326 + -331 + (4 - 2 - (2 - 5))?
-4
Evaluate -308 + 409 - (-7 - -165).
-57
-1 - ((-7 + 7 - -21) + -32)
10
What is 19 - (-42 - -57) - (67 + -2)?
-61
What is the value of 0 + -7 + -54 - (28 + (-17 - -2) + -23)?
-51
Calculate 19 - (-11 - (-29 - 8)) - (26 - -3).
-36
What is 5 + (-48 - (-151 + -23)) + (-1 - 19)?
111
What is the value of 326 - 351 - (14 + (-5 - 44))?
10
4 + (10 - 23) - (-47 + 26)
12
40 + -40 + -234 + 316 + -1 + 18
99
Calculate -34 + 113 + (-21 - 5).
53
Evaluate (88 - -10) + (-13 - (15 - 30)) + -14 + -14.
72
What is the value of -1 + -32 + -2268 + 2166?
-135
(1 + -1 + -9 - -1 - (-9 - 2)) + -2
1
What is the value of 2 + 5 + 2 + -1 + -12 - -11 - 31?
-24
Calculate 1 - 10 - (-13 + 81 + -30 + 31).
-78
Calculate 18 + -55 + 48 - 10.
1
What is the value of 14 + -15 - 13 - -10 - (0 - (-14 - 30))?
-48
Evaluate -203 + 152 - (-3 - -3) - -13.
-38
68 + -37 + -31 - (4 + (-3 - 20) + 1)
18
What is the value of (2 - -1) + -3 + (-51 - (-17 + 32))?
-66
What is the value of 8 + (-11 - (-1 - 0) - ((105 - 92) + 25))?
-40
Calculate -35 - (-71 + 33 + -32) - 98.
-63
Evaluate (55 - (-13 + 69)) + -78.
-79
Calculate 33 + (25 + -3 - -3 - 26).
32
What is the value of -29 + 26 + 7 - (6 + -3 - (1 + 16))?
18
(34 - (56 - 62)) + -89
-49
Calculate -2 + 28 + -17 + 33 + 25.
67
Evaluate -15 + (-63 - -104) + 63.
89
What is -34 + 115 + -44 - -9?
46
Calculate 60 + (-5 - 55) + 40.
40
Calculate (2 - 23) + 121 + -120 - -27.
7
Evaluate 8 - (-187 + 209 - (-2 + 46)).
30
What is -148 + 134 - (4 + 3) - -32?
11
Calculate 28 - (-32 - -62) - ((-3 + 4 - -45) + 0).
-48
What is (-1 - 78) + -2371 + 2512?
62
What is 25 + -10 + (40 - 20) + -10?
25
What is -102 + 86 - (5 + 56 + -10 - -6)?
-73
What is the value of 153 + -94 + -92 - -81?
48
Calculate -343 + 370 + -52 + 15 - (1 - 49).
38
Calculate (-6235 - -6258) + (42 - -1).
66
Calculate (-13 - 22) + (82 - 92).
-45
What is the value of -21 - (-20 + 17 - -1 - 75)?
56
What is the value of 5 + 2 + 17 + -33 + (26 - -2)?
19
Calculate (-25 + 3 - -2) + (-48 - -60) - -20.
12
Evaluate 14 - (6 - -6 - (14 - 22 - -46)).
40
(157 - -6 - (-152 + 199)) + -13 + 3
106
What is 51 + -50 + (-10 - 2) - (-75 + -1)?
65
Calculate -23 + -10 - (-65 + 39 + 9).
-16
What is the value of 34 - (-45 - (41 + -67))?
53
(38 + -3 - 6) + -24 - (12 - 88)
81
Evaluate -19 + -58 + -38 + 38 + 1 + 1 + -2.
-77
Calculate (63 - 8) + -30 + -40.
-15
Evaluate -5 - ((-38 + 21 - -24) + 7).
-19
Calculate 17 - (-40 - (-4 + 18 - 30)) - -10.
51
-35 + (426 - 494) + (30 - -2)
-71
Evaluate 62 + (61 - (82 + 1)).
40
What is 43 + -12 + -24 - 52?
-45
What is -5 - (-45 - (-104 + 48))?
-16
1151 - 1217 - (-39 + 7)
-34
What is the value of 17 + 24 + -24 + 40 + 4?
61
Calculate -88 - (-42 + (-47 + 20 - -48)).
-67
What is the value of (40 + 1 + -5 + -17 - 25) + 140?
134
-25 + 44 + 19 + (-1 - 0)
37
What is the value of (31 - 20 - 12) + -14?
-15
Evaluate -90 - -189 - (-4 - ((-1 - 0 - 6) + -6)).
90
5 + -287 - -281 - (-1 + (3 - 1) + -29)
27
Calculate (-3 + 9 - (42 + -24)) + 64.
52
Calculate 6 + -47 + -56 + 142.
45
Calculate -1 - ((-2 - (-6 - -19)) + 23).
-9
What is the value of 41 + -39 + -3 + 84?
83
-5 - 18 - (29 + (13 - 28))
-37
Calculate -3 + -43 + 3 - (10 + 32 + -54).
-31
Calculate -21 + 38 + 31 + -11 + -14.
23
71 + (2 - -2) + -1030 + 1017
62
What is -13 + -27 + 40 + 19?
19
(13 - 25) + 39 + -27 + -82
-82
What is the value of 42 + -40 + 21 + -44 + 161?
140
Calculate 66 + -11 - (46 - -15).
-6
13 + 1 + -7 + (89 + -142 - -54)
8
Evaluate (1 - 1) + (-7090 - -7035).
-55
-52 - (-2 + 5 - ((-2 - -1) + 23 - 6))
-39
Calculate -27 + (4 - 2) + (174 - 210).
-61
Evaluate -23 - (-59 - (-6 - (12 - 16))).
34
Evaluate (-1 + 4 - -6) + (2 - 6 - 33).
-28
What is the value of (43 - (46 + -57)) + -56?
-2
Calculate -10 - ((-5 - -22 - 12) + 3 + -1 + -37).
20
Calculate (-3 - (16 - 37)) + (-1 - -1).
18
Calculate -5 - 31 - (-2 + 30 + -37).
-27
-10 - ((4 - 2 - -4 - -4) + 19 + -26)
-13
Evaluate -34 + -47 + 111 + -20.
10
What is (27 - -13) + (-20 - 33)?
-13
What is 6 - (48 - (11 - 8) - -10)?
-49
What is (-33 - -49) + 13 - 3 - (0 + -7)?
33
1 + 9 + (-29 - (-29 - -11) - 30)
-31
What is the value of -23 - (37 + -24) - -15?
-21
What is the value of (25 - (163 - 131)) + (-1 + 83 - 2)?
73
(-20 - (-18 - 0)) + 27 - (3 + -3 - -3)
22
Evaluate 0 + 34 + 224 + -531 + 209.
-64
What is the value of 0 + -11 - (28 + -7 + -8 - 22)?
-2
What is (-24 - (0 + (10 - 13))) + 92?
71
(26 + 35 - 64) + (90 - -2)
89
What is the value of 64 + 15 + -171 + 44?
-48
Calculate 34 + (-9 - (5 - 6) - (8 + (-13 - 3))).
34
What is (17 + -22 - (7 + -5)) + -37 + 8?
-36
Calculate 33 + ((24 - 66) + 71 - 6).
56
Calculate 1 - 28 - (86 - (-91 + 155)).
-49
Calculate -1 - (-18 + (23 - 14) + (-8 - -52)).
-36
Evaluate 24 + (-13 - 59 - -25) + 20.
-3
Calculate 5 + -4 + -1 - (5 + -87).
82
(29 - 2) + (37 - 100)
-36
What is the value of (4 - -32) + -3 + (2 - 18) - 28?
-11
Evaluate -152 + 32 + (-30 - (2 - 30)).
-122
(-2 - 11 - -21) + (-35 - 8 - -1)
-34
Evaluate (-61 - 38 - -81) + 31.
13
What is the value of 175 - (4 - (8 + 34 + -66))?
147
What is -173 - ((-99 - -10) + 1)?
-85
What is (-21 + (60 - 39) - (1 - 11)) + 12?
22
Calculate 46 + -49 + 10 + (-9 - 11).
-13
What is (28 - -15) + -7 - 98?
-62
Calculate -4 + 45 + -32 + (19 - 5).
23
Calculate -52 - -3 - (-6 + 11) - (-3 - 0 - 5).
-46
What is the value of 46 + -20 + -4 + (-25 - -37) + (2 - -1)?
37
What is -7 + (13 - (6 + 0)) - 0 - -15?
15
Calculate (-4 - -9) + (3 - 2) - (39 - (58 + -39)).
-14
Evaluate -30 - ((-47 - -85) + -68).
0
What is the value of -88 - (-116 + -1) - 131?
-102
What is 2 + 1 + (48 - 28) + -21 - -35?
37
What is the value of 5 - ((-2 - (8 + -7 + 3) - -10) + 12)?
-11
What is 1 + -6 - (3295 + -3257)?
-43
What is (8 - -3) + 35 - (6 - (5 - (-13 - -9)))?
49
What is the value of (20 - 0) + 0 + 11461 + -11472?
9
What is -39 - (-6 + 8 + -3 + (64 - 64))?
-38
Calculate (-240 + 224 - (-4 + -1)) + (7 - (-68 + -5)).
69
What is -6 - (-47 - -117 - 53)?
-23
128 + -6 + (13 - (6 - (-6 + -6)))
117
What is -2 + -113 - (1660 - 1829)?
54
What is 176 - (-12 + 138) - -44?
94
(-2 - 125 - (-20 - -9)) + 3 - -11
-102
Calculate (79 - (22 + -6)) + -22.
41
Calculate 2 - -15 - (-3 - 7 - -34).
-7
What is (-7 - (12 - 10)) + -26 + (3 - 5)?
-37
What is 72 + (103 - 126) + -37?
12
Evaluate 13 + 1 - (52 - (-10 + 61)).
13
What is the value of (9 - -37) + (3 - (8 + -1) - -9)?
51
What is 83 - (125 + 36) - 7?
-85
9 + (9 - (3 + 9)) - 13
-7
Evaluate 42 + (5 - (6 - (-6 + (4 - 1)) - 3)).
41
What is the value of 10 + (22 - 2) + (18 - -6 - 106)?
-52
Calculate 39 + -11 + 2 + -55 - 21.
-46
66 + -54 + (78 - 38)
52
13 + -9 + (-3 - 12 - -4 - -5)
-2
What is the value of -1 + 14 - (-21 + 8 + 31 - 61)?
56
10 - (64 + -33) - (13 - 103)
69
Evaluate -17 + 7 + 58 + -49.
-1
Evaluate (5 - (-71 - (4 + -20))) + 44 + -23.
81
105 + -29 + 0 + 4 + -14 + (-23 - -24)
67
Evaluate (505 - 485 - (-4 + 61)) + (1 - (-1 - 2)).
-33
4 + -22 + 5 + 7 - 11 - -12 - 20
-25
(64 - 55) + (-4 + 0 + -6 - (4 - 4))
-1
1 - 10 - (-106 + 223) - -34
-92
Calculate 76 + -74 + 20 - 23.
-1
Calculate (5 - 2 - -19) + -8 + (97 - 79).
32
What is -12 + (-16 - (-31 + 25)) - 12?
-34
Evaluate (7 - (-22 + -8 + 15 - -33)) + 75.
64
What is -73 + (-26 - (-18 + 2)) + 11?
-72
(23 - (191 + -125)) + -51
-94
Calculate 66 + -38 + -32 - (-93 + -2) - 14.
77
What is -63 + 98 + 20 + -73?
-18
What is the value of 104 - (-3 + -1 - (-7 - -17 - -8 - 10))?
116
Calculate -17 + -41 - (35 - 61).
-32
Calculate (4 - (12 - 22)) + -34 - 21.
-41
What is the value of -2 - -102 - ((353 - 118) + -252)?
117
What is the value of (-20 - 1) + 27 - 